vided by 37?
35
Suppose 3*o - 32 = -5. What is the remainder when 33 is divided by o?
6
Suppose -f + 5*f - n - 11 = 0, -4 = -4*n. Suppose r + 22 = f*r. What is the remainder when 32 is divided by r?
10
Let s = -10 - -28. Calculate the remainder when s is divided by 9.
0
Let p be 2/(-4)*(-24)/6. Suppose p*f = 152 - 42. Calculate the remainder when f is divided by 19.
17
Let i = 99 + -68. Calculate the remainder when i is divided by 96/(-9)*(-9)/6.
15
Let z = 15 + 3. Let c = 46 - z. What is the remainder when 82 is divided by c?
26
Suppose x - 2*x + 732 = 5*u, -5*u = -3*x - 744. What is the remainder when u is divided by 30?
27
Let w = -17 + 27. Let s(l) = 11*l**2 - l - 2. Let p be s(-2). Suppose -4*f = -4*q - p, q + 34 = 4*f + 5. Calculate the remainder when w is divided by f.
4
Suppose -22*g + 78 = -20*g. Calculate the remainder when g is divided by 12.
3
Suppose 5*r = 20 + 5. Suppose -r*k + k + 332 = 0. What is the remainder when k is divided by 21?
20
Suppose 3 = g + 1. Suppose -18 = -3*l - 3*v, 5*v - 22 = -4*l + g*v. What is the remainder when l is divided by 3?
1
Let f = 2 + 5. Suppose 11 = 2*h - 2*v - 17, 5*h + 2*v - 91 = 0. Suppose -g + h = 5. What is the remainder when g is divided by f?
5
What is the remainder when 2 is divided by (-6)/4 + (-30)/(-12)?
0
Suppose 220 = 2*n + n - d, -n + 3*d = -60. What is the remainder when n is divided by 11?
9
Let p(l) = l**3 - 20*l**2 - 19*l - 32. What is the remainder when 14 is divided by p(21)?
4
Calculate the remainder when (452*(-5)/10)/(2*-1) is divided by 19.
18
Let x(b) = -1 - b**3 + 3*b + 2 - 3*b**2 + 1 + 3*b. What is the remainder when x(-5) is divided by 8?
6
Suppose -6*x - 40 = -7*x. Suppose 0*a = -3*a + 2*p + x, -a + 32 = 4*p. Calculate the remainder when a is divided by 9.
7
Let z be 15/(-2)*(-2)/3. Suppose 5*f - g - 29 = -3*g, z*f - 23 = g. Let h = 1 + 2. Calculate the remainder when f is divided by h.
2
Suppose 7*t - 71 = -4*v + 2*t, 3*t + 135 = 5*v. Calculate the remainder when v is divided by 7.
3
Let k(o) = 3 - 1 + 1 + 3*o + 2*o**2 - o**3. Let l be k(3). Suppose h + 2*w = -3*w - l, -3*h + 4*w = -10. Calculate the remainder when h is divided by 1.
0
Let g = -13 - -31. What is the remainder when 71 is divided by g?
17
Suppose b + o = 18, 59 = -b + 4*b - 2*o. What is the remainder when (-286)/(-4) + (-9)/(-6) is divided by b?
16
Let o = -2 - -35. Suppose -7*y = -41 - 22. Calculate the remainder when o is divided by y.
6
Let t(i) = i**2 - 2*i - 1. Let d be t(-5). Let u = 64 - d. Calculate the remainder when u is divided by 8.
6
Let w = 47 - 23. Suppose -6*n = -8*n + w. What is the remainder when 46 is divided by n?
10
Suppose 25 = -5*d, -2*g + 3*d - 12 = -153. Let b(r) = 31*r - 15. What is the remainder when g is divided by b(1)?
15
Suppose 16 = 3*y - 5. Suppose 2*i - 14 = -2*o - o, -i = 4*o - y. Calculate the remainder when i is divided by 4.
3
Suppose -3*a - w + 188 = 0, 0*a - 2*w = a - 71. What is the remainder when a is divided by 21?
19
Suppose 144 = -7*l + 13*l. What is the remainder when 141 is divided by l?
21
Suppose 20 = 4*h, -3*c + 27 = -2*c + 3*h. Suppose 0 = m - 4 + c. Calculate the remainder when m/12 - (-250)/6 is divided by 14.
13
Let j(c) = -2*c - 13. Let r be j(-10). Let i = r + -5. Let k(n) = n**2 + 2*n - 3. Calculate the remainder when k(i) is divided by 4.
1
Suppose -204 - 153 = 3*r. Let u = r - -174. Suppose d + 91 = 6*d + a, 0 = 3*d - 2*a - 65. Calculate the remainder when u is divided by d.
17
Suppose 0 = -3*r + 22 + 17. Calculate the remainder when 37 is divided by r.
11
Suppose -13*c = c - 1176. What is the remainder when c is divided by 29?
26
Let j(d) = -d**2 - 10*d - 12. Let w be j(-8). Suppose -3*f = w*h - 11, -f - 2*h = 1 - 2. Calculate the remainder when 15 is divided by f.
6
Let g = -2 + 4. Calculate the remainder when 15 + g - (-6 - -6) is divided by 5.
2
Let t = 3 + -3. Suppose t*x - 12 = -x. What is the remainder when 21 is divided by x?
9
Let l = -19 + 52. Calculate the remainder when l is divided by 9.
6
Let z be 3 - 20 - (1 + 0). What is the remainder when 13 is divided by 6/12 - z/4?
3
Let w be (-4)/7*14/(-4). Suppose w*a = 6*a - 12. What is the remainder when a is divided by 2?
1
Let z = 20 - 7. Let r(a) = a**2 - a + 2. Let c be r(2). Suppose 2*w = s - 42, -c*s + 2*s + 5*w = -86. What is the remainder when s is divided by z?
12
Let p(a) = -a**2 + 4*a. Let g be p(3). Suppose 0 = l + 2*k - 6, -g*l = k - 18. What is the remainder when 9 is divided by l?
3
Suppose 7*t - 102 - 311 = 0. Calculate the remainder when t is divided by (-2)/7 + 535/35.
14
Let q = -91 - -96. Calculate the remainder when 27 is divided by q.
2
Calculate the remainder when 65 is divided by 6/(-15) - 448/(-20).
21
Let t(i) be the first derivative of 1/2*i**2 + 10*i - 1. Calculate the remainder when t(-7) is divided by 3.
0
Let n(z) = -7*z**2. Let r be n(-1). Let c = 0 - r. Calculate the remainder when 13 is divided by c.
6
Suppose 2*s = -5 + 9. Suppose s*m - m + 5*k = -2, k = -m + 6. Calculate the remainder when 19 is divided by m.
3
Suppose 138 = 4*m - 2*m. Suppose 6*b = 207 - m. What is the remainder when b is divided by 8?
7
Let v = 22 - 11. Let b(h) = -h**3 + 5*h**2 - h + 6. What is the remainder when b(3) is divided by v?
10
Let f be (-100)/(-15) - (-2)/(-3). Let r(g) be the first derivative of g**4/4 - g**3 - 9*g**2/2 + 2*g - 1. Calculate the remainder when r(f) is divided by 19.
18
Suppose p = -6*p + 434. Let a = -18 + 31. What is the remainder when p is divided by a?
10
Let w = -4 + 19. Let k(q) = -q**3 - 6*q**2 - 5*q + 4. Calculate the remainder when w is divided by k(-5).
3
Suppose 0 = 4*o - 8 - 44. What is the remainder when 59 is divided by o?
7
Suppose 3*r = 5*i - 103, -i - 3*r + 2*r = -19. Calculate the remainder when i is divided by 11.
9
Let u(k) = -2*k**2. Let c(n) = -5*n**2 - n - 1. Let l(o) = -3*c(o) + 8*u(o). What is the remainder when 14 is divided by l(2)?
4
Suppose 5*q - q = -92. Let x = 38 + q. What is the remainder when (-3 + -26)*(-2)/2 is divided by x?
14
Let k(m) = m**3 + 6*m**2 - m + 7. Suppose 3*c + 14 = -2*f + 6*c, 0 = -5*f + 2*c - 13. Calculate the remainder when (-77)/(-2) + f/2 is divided by k(-6).
12
Suppose -4*z + z = 0. Suppose 4*j - 2*h = 52, -h = -2 - z. What is the remainder when 27 is divided by j?
13
Let a = -5 - -7. Suppose 3*c - 3*w + 5*w - 2 = 0, 2*w + 10 = 0. Calculate the remainder when c is divided by a.
0
Suppose 686 + 22 = 3*d. Suppose -5*n = 4*a - d, 2*a + 5*n = -0*a + 118. What is the remainder when a is divided by 20?
19
Let i = 50 + -35. Calculate the remainder when 58 is divided by i.
13
Suppose -5*j - 4*a + 100 = 0, j + 80 = 5*j + 4*a. Suppose -39 = 11*i - 468. Calculate the remainder when i is divided by j.
19
Suppose r + d - 8 = 0, 3*d = -r + 3*r - 36. Calculate the remainder when 21 is divided by r.
9
Let r(q) = q**3 - 11*q**2 + 11. Calculate the remainder when 18 is divided by r(11).
7
Suppose -2*w - 2 = 0, 2*w = m - 5*m + 294. What is the remainder when m is divided by 25?
24
Let k(j) = -2*j + 21. What is the remainder when k(7) is divided by 5?
2
Let g(a) = -a**2 + 11*a - 5. Calculate the remainder when g(7) is divided by 8.
7
Suppose -4*i - 10 = 2, 2*v - 5 = -i. Let c be 18/(-5)*(-10)/v. Let q = c + 22. What is the remainder when q is divided by 11?
9
Let k = 5 - 1. Suppose 5*z + 2*p = 129, 3*z = -k*p - 2 + 71. Calculate the remainder when 53 is divided by z.
26
Let q(p) = p**3 + 10*p**2 - 3*p + 2. Calculate the remainder when q(-10) is divided by 9.
5
Suppose -2*s - r + 116 = 0, -10*s - 3*r = -5*s - 289. What is the remainder when s is divided by 12?
11
Suppose 0 = 3*g - 0 - 3, s + g - 3 = 0. Suppose 5*z + 8*l - 10 = 3*l, 10 = -z - 4*l. Calculate the remainder when z is divided by s.
0
Let l = -20 + 31. Suppose -k - 22 + 29 = 0. Calculate the remainder when l is divided by k.
4
Let l(f) = -f**3 - 9*f**2 - 9*f - 4. Calculate the remainder when 8 is divided by l(-8).
0
Let z be (15/6)/5*0. Suppose -4*y + 12 + 16 = z. Calculate the remainder when y is divided by 3.
1
Suppose 0 = v - 2 - 2. What is the remainder when 14 is divided by v?
2
Let k = 4 + 2. Suppose -2*v + 3*n - 2*n - 302 = 0, -k = -3*n. Calculate the remainder when 31 is divided by 4/14 - v/14.
9
Let f be (-2)/(-8) - 22/(-8). Suppose -15 = -8*x + f*x.